{"id":19,"date":"2019-03-04T14:01:44","date_gmt":"2019-03-04T14:01:44","guid":{"rendered":"http:\/\/psychotherapie-hagedorn-konen.de\/?page_id=19"},"modified":"2019-11-22T09:34:12","modified_gmt":"2019-11-22T09:34:12","slug":"impressum","status":"publish","type":"page","link":"https:\/\/psychotherapie-hagedorn-konen.de\/?page_id=19","title":{"rendered":"Impressum"},"content":{"rendered":"\n<p>Verantwortlich f\u00fcr den Inhalt gem\u00e4\u00df \u00a7 5 Telemediengesetz (TMG):<\/p>\n\n\n\n<p>Dipl. &#8211; Psych. Kristina Hagedorn-Konen<\/p>\n\n\n\n<p>Mittelstr. 1, 31535 Neustadt am R\u00fcbenberge<\/p>\n\n\n\n<p>Tel.:&nbsp;&nbsp;&nbsp;+49-15128227234<\/p>\n\n\n\n<p>Email:&nbsp;info@psychotherapie-hagedorn-konen.de<\/p>\n\n\n\n<p>Psychologische Psychotherapeutin<\/p>\n\n\n\n<p><strong>Approbation<\/strong><\/p>\n\n\n\n<p>Bundesrepublik Deutschland<\/p>\n\n\n\n<p>Verliehen \u00fcber den Nieders\u00e4chsischen Zweckverband zur Approbationserteilung<\/p>\n\n\n\n<p><strong>Arztregistereintrag<\/strong><\/p>\n\n\n\n<p>\u00c4rztekammer Niedersachsen<br>Berliner Allee 20, 30175 Hannover<\/p>\n\n\n\n<p><a href=\"https:\/\/www.aekn.de\/\">www.aekn.de<\/a><\/p>\n\n\n\n<p><strong>Zust\u00e4ndige Aufsichtsbeh\u00f6rde<\/strong><\/p>\n\n\n\n<p>Kassen\u00e4rztliche Vereinigung Niedersachsen<\/p>\n\n\n\n<p>Bezirksstelle Hannover<br>Schiffgraben 26, 30175 Hannover<\/p>\n\n\n\n<p>Tel.: 0511 380-04<\/p>\n\n\n\n<p>&nbsp;<a href=\"http:\/\/www.kvn.de\/\" target=\"_blank\" rel=\"noreferrer noopener\">www.kvn.de<\/a><\/p>\n\n\n\n<p><strong>Zust\u00e4ndige Psychotherapeutenkammer<\/strong><\/p>\n\n\n\n<p>Psychotherapeutenkammer Niedersachsen<\/p>\n\n\n\n<p>K\u00f6rperschaft des&nbsp;\u00f6ffentlichen Rechts<\/p>\n\n\n\n<p>Roscherstra\u00dfe 12<\/p>\n\n\n\n<p>30161 Hannover<\/p>\n\n\n\n<p>Tel.: 0511 850 304-30<\/p>\n\n\n\n<p>&nbsp;<a href=\"https:\/\/www.psychotherapie-hannover-jost.de\/sprechzeiten\/\">www.pknds.de<\/a><\/p>\n\n\n\n<p><strong>Berufsrechtliche Regelung<\/strong><\/p>\n\n\n\n<p>Berufsordnung f\u00fcr die Psychologischen Psychotherapeuten und Kinder- und Jugendlichenpsychotherapeuten Niedersachsens (Psychotherapeutengesetz &#8211;&nbsp;PsychThG) v. 16.06.1998 (BGBI. I&nbsp;S. 1311), zuletzt ge\u00e4ndert am 20.06.2001 (BGBI. I S. 1946, 1996) sowie das Lan&nbsp;(Psychotherapeutengesetz &#8211; PsychThG) v. 16.06.1998 (BGBI. I S. 1311), zuletzt ge\u00e4ndert am 20.06.2002 (BGBI.I S. 1946, 1996) sowie das Landesgesundheitsdienstgesetz\/Landesheilberufe-Kammergesetz.&nbsp;Die Regelungen finden sich im Gesetzblatt des Landes Niedersachsen sowie unter&nbsp;<a href=\"http:\/\/www.pknds.de\/20.0.html\" target=\"_blank\" rel=\"noreferrer noopener\">&nbsp;www.pknds.de\/20.0.html<\/a><\/p>\n\n\n\n<p>Bitte haben Sie Verst\u00e4ndnis daf\u00fcr, dass zugunsten einer besseren Lesbarkeit darauf verzichtet wurde, durchgehend m\u00e4nnliche und weibliche Endungen zu verwenden. Es sind selbstverst\u00e4ndlich immer beide Geschlechter damit gemeint.<\/p>\n\n\n\n<p>Alle Rechte vorbehalten, auch die der fotomechanischen Wiedergabe und der Speicherung in elektronischen Medien.<\/p>\n\n\n\n<p><strong>Haftungsausschluss<\/strong><\/p>\n\n\n\n<p><strong>Inhalt des Onlineangebotes<\/strong><\/p>\n\n\n\n<p>&nbsp;Die Angaben auf dieser Website&nbsp;dienen ausschlie\u00dflich allgemeinen Informationszwecken. Sie sind unverbindlich, keine Beratung&nbsp;und kein konkretes Vertragsangebot. Trotzdem die Informationen regelm\u00e4\u00dfig \u00fcberpr\u00fcft und aktualisiert werden, wird keinerlei Gew\u00e4hr f\u00fcr die Aktualit\u00e4t, Korrektheit&nbsp;und Vollst\u00e4ndigkeit der bereitgestellten Informationen \u00fcbernommen.&nbsp; Die Betreiberin \u00fcbernimmt keine Haftung f\u00fcr Folgesch\u00e4den materieller oder ideeller Art, die auf der Nutzung oder Nichtnutzung der dargebotenen Informationen beruhen. Alle Angebote sind freibleibend und unverbindlich. Es wird ausdr\u00fccklich vorbehalten, Teile der Seiten oder das gesamte Angebot ohne gesonderte Ank\u00fcndigung zu ver\u00e4ndern, zu erg\u00e4nzen, zu l\u00f6schen oder die Ver\u00f6ffentlichung zeitweise oder endg\u00fcltig einzustellen.<\/p>\n\n\n\n<p><strong>Verweise und Links<\/strong><\/p>\n\n\n\n<p>F\u00fcr die Inhalte direkter oder indirekter Verweise auf externe&nbsp;Links wird trotz sorgf\u00e4ltiger inhaltlicher Kontrolle keine Haftung \u00fcbernommen. F\u00fcr&nbsp;m\u00f6gliche illegale, fehlerhafte oder unvollst\u00e4ndige Inhalte und insbesondere Sch\u00e4den, die aus der Nutzung oder Nichtnutzung dort dargebotener Informationen entstehen,&nbsp;ist allein der Betreiber der verlinkten Seiten verantwortlich.&nbsp;&nbsp;Diese Feststellung gilt f\u00fcr alle innerhalb des eigenen Internetangebotes gesetzten Links und Verweise. Zum Zeitpunkt der&nbsp;Verlinkung waren&nbsp;keine illegalen Inhalte auf den zu verlinkenden Seiten erkennbar.<\/p>\n\n\n\n<p><strong>Urheber- und Kennzeichenrecht<\/strong><\/p>\n\n\n\n<p>&nbsp;&nbsp; Ich bin bestrebt, in allen Publikationen die Urheberrechte der verwendeten Bilder, Grafiken, Tondokumente, Videosequenzen und Texte zu beachten, von mir selbst erstellte Bilder, Grafiken, Tondokumente, Videosequenzen und Texte zu nutzen oder auf lizenzfreie Grafiken, Tondokumente, Videosequenzen und Texte zur\u00fcckzugreifen. Sollte es dennoch der Fall sein, dass auf diesen Internetseiten irrt\u00fcmlich die Rechte Dritter oder gesetzliche Bestimmungen verletzt wurden, so bitte ich unter Berufung auf \u00a7 8 Abs. 4 UWG um eine postalische Nachricht ohne Kostennote.&nbsp;Alle innerhalb des Internetangebotes genannten und ggf. durch Dritte gesch\u00fctzten Marken- und Warenzeichen unterliegen uneingeschr\u00e4nkt den Bestimmungen des jeweils g\u00fcltigen Kennzeichenrechts und den Besitzrechten der jeweiligen eingetragenen Eigent\u00fcmer. Allein aufgrund der blo\u00dfen Nennung ist nicht der Schluss zu ziehen, dass Markenzeichen nicht durch Rechte Dritter gesch\u00fctzt sind! Das Copyright f\u00fcr ver\u00f6ffentlichte, von der Seitenbetreiberin selbst erstellte Objekte bleibt allein bei ihr. Eine Vervielf\u00e4ltigung oder Verwendung solcher Grafiken, Tondokumente, Videosequenzen und Texte in anderen elektronischen oder gedruckten Publikationen ist ohne ausdr\u00fcckliche Zustimmung der&nbsp;Seitenbertreiberin nicht gestattet.<\/p>\n\n\n\n<p><strong>Datenschutz<\/strong><\/p>\n\n\n\n<p>&nbsp;&nbsp; Sofern innerhalb des Internetangebotes die M\u00f6glichkeit zur Eingabe pers\u00f6nlicher oder gesch\u00e4ftlicher Daten (Emailadressen, Namen, Anschriften) besteht, so erfolgt die Preisgabe dieser Daten seitens des Nutzers auf ausdr\u00fccklich freiwilliger Basis. Die Nutzung der im Rahmen des Impressums oder vergleichbarer Angaben ver\u00f6ffentlichten Kontaktdaten wie Postanschriften, Telefon- und Faxnummern sowie Emailadressen durch Dritte zur \u00dcbersendung von nicht ausdr\u00fccklich angeforderten Informationen ist nicht gestattet. Rechtliche Schritte gegen die Versender von sogenannten Spam-Mails bei Verst\u00f6\u00dfen gegen dieses Verbot sind ausdr\u00fccklich vorbehalten. Der Besuch der Website erfolgt anonym. Automatisch wird jedoch beim Besuch der Homepage der Name Ihres Internet Service Providers, die Adresse der Website, von der aus Sie zu uns gekommen sind und die Seiten, die besucht werden, protokolliert. Diese Informationen werden nicht ausgewertet. Es erfolgt selbstverst\u00e4ndlich keine Weitergabe an Dritte.<\/p>\n\n\n\n<p><strong>Rechtswirksamkeit dieses Haftungsausschlusses<\/strong><\/p>\n\n\n\n<p>&nbsp;&nbsp; Dieser Haftungsausschluss ist als Teil des Internetangebotes zu betrachten, von dem aus auf diese Seite verwiesen wurde. Sofern Teile oder einzelne Formulierungen dieses Textes der geltenden Rechtslage nicht, nicht mehr oder nicht vollst\u00e4ndig entsprechen sollten, bleiben die \u00fcbrigen Teile des Dokumentes in ihrem Inhalt und ihrer G\u00fcltigkeit davon unber\u00fchrt.<\/p>\n\n\n\n<p><\/p>\n\n\n\n<p>&nbsp;&nbsp; <\/p>\n","protected":false},"excerpt":{"rendered":"<p>Verantwortlich f\u00fcr den Inhalt gem\u00e4\u00df \u00a7 5 Telemediengesetz (TMG): Dipl. &#8211; Psych. Kristina Hagedorn-Konen Mittelstr. 1, 31535 Neustadt am R\u00fcbenberge Tel.:&nbsp;&nbsp;&nbsp;+49-15128227234 Email:&nbsp;info@psychotherapie-hagedorn-konen.de Psychologische Psychotherapeutin Approbation Bundesrepublik Deutschland Verliehen \u00fcber den Nieders\u00e4chsischen Zweckverband zur Approbationserteilung Arztregistereintrag \u00c4rztekammer NiedersachsenBerliner Allee 20, 30175 Hannover www.aekn.de Zust\u00e4ndige Aufsichtsbeh\u00f6rde Kassen\u00e4rztliche Vereinigung Niedersachsen Bezirksstelle HannoverSchiffgraben 26, 30175 Hannover Tel.: 0511 380-04 [&hellip;]<\/p>\n","protected":false},"author":1,"featured_media":50,"parent":0,"menu_order":0,"comment_status":"closed","ping_status":"closed","template":"","meta":{"footnotes":""},"class_list":["post-19","page","type-page","status-publish","has-post-thumbnail","entry"],"_links":{"self":[{"href":"https:\/\/psychotherapie-hagedorn-konen.de\/index.php?rest_route=\/wp\/v2\/pages\/19","targetHints":{"allow":["GET"]}}],"collection":[{"href":"https:\/\/psychotherapie-hagedorn-konen.de\/index.php?rest_route=\/wp\/v2\/pages"}],"about":[{"href":"https:\/\/psychotherapie-hagedorn-konen.de\/index.php?rest_route=\/wp\/v2\/types\/page"}],"author":[{"embeddable":true,"href":"https:\/\/psychotherapie-hagedorn-konen.de\/index.php?rest_route=\/wp\/v2\/users\/1"}],"replies":[{"embeddable":true,"href":"https:\/\/psychotherapie-hagedorn-konen.de\/index.php?rest_route=%2Fwp%2Fv2%2Fcomments&post=19"}],"version-history":[{"count":8,"href":"https:\/\/psychotherapie-hagedorn-konen.de\/index.php?rest_route=\/wp\/v2\/pages\/19\/revisions"}],"predecessor-version":[{"id":51,"href":"https:\/\/psychotherapie-hagedorn-konen.de\/index.php?rest_route=\/wp\/v2\/pages\/19\/revisions\/51"}],"wp:featuredmedia":[{"embeddable":true,"href":"https:\/\/psychotherapie-hagedorn-konen.de\/index.php?rest_route=\/wp\/v2\/media\/50"}],"wp:attachment":[{"href":"https:\/\/psychotherapie-hagedorn-konen.de\/index.php?rest_route=%2Fwp%2Fv2%2Fmedia&parent=19"}],"curies":[{"name":"wp","href":"https:\/\/api.w.org\/{rel}","templated":true}]}}